{"id":404,"date":"2016-10-06T09:27:17","date_gmt":"2016-10-06T09:27:17","guid":{"rendered":"http:\/\/custom-made.dv.axiomthemes.com\/?page_id=404"},"modified":"2021-01-20T23:33:12","modified_gmt":"2021-01-20T22:33:12","slug":"home-1","status":"publish","type":"page","link":"https:\/\/www.luxor.lu\/home-1\/","title":{"rendered":"Accueil &#8211; Home"},"content":{"rendered":"<div class=\"wpb-content-wrapper\"><p>[vc_row][vc_column][rev_slider alias=\u00a0\u00bbhome-1&Prime;][\/vc_column][\/vc_row][vc_row full_width=\u00a0\u00bbstretch_row_content_no_spaces\u00a0\u00bb css=\u00a0\u00bb.vc_custom_1477502402993{background-color: #f7f8fc !important;}\u00a0\u00bb][vc_column offset=\u00a0\u00bbvc_col-lg-6 vc_col-md-12 vc_col-xs-12&Prime;]<div id=\"widget_video_892730767\" class=\"widget_area sc_widget_video vc_widget_video wpb_content_element\"><aside id=\"widget_video_892730767_widget\" class=\"widget widget_video\"><div class=\"trx_addons_video_player with_cover hover_play\"><img loading=\"lazy\" decoding=\"async\" src=\"https:\/\/www.luxor.lu\/wp-content\/uploads\/2016\/10\/video.jpg\" alt=\"\" width=\"960\" height=\"955\"><div class=\"video_mask\"><\/div><div class=\"video_hover\" data-video=\"&lt;iframe src=&quot;https:\/\/player.vimeo.com\/video\/83392040?title=0&amp;byline=0&amp;portrait=0&amp;autoplay=1&quot; width=&quot;960&quot; height=&quot;955&quot; frameborder=&quot;0&quot; webkitallowfullscreen mozallowfullscreen allowfullscreen&gt;\"><\/div><div class=\"video_embed video_frame\"><\/div><\/div><\/aside><\/div>[\/vc_column][vc_column offset=\u00a0\u00bbvc_col-lg-6 vc_col-md-12 vc_col-xs-12&Prime;][vc_empty_space height=\u00a0\u00bb4.65em\u00a0\u00bb alter_height=\u00a0\u00bbnone\u00a0\u00bb hide_on_mobile=\u00a0\u00bb3&Prime;][vc_empty_space height=\u00a0\u00bb4em\u00a0\u00bb alter_height=\u00a0\u00bbnone\u00a0\u00bb hide_on_mobile=\u00a0\u00bb\u00a0\u00bb]<div id=\"sc_content_934979870\"\n\t\tclass=\"sc_content sc_content_default sc_float_center sc_align_left sc_content_width_2_3\"><h6 class=\"sc_item_subtitle sc_content_subtitle sc_align_default sc_item_title_style_default\">1<\/h6><h3 class=\"sc_item_title sc_content_title sc_align_default sc_item_title_style_default\">Achat d'Or<\/h3><div class=\"sc_content_container\">[vc_row_inner][vc_column_inner width=\u00a0\u00bb1\/2&Prime;][vc_column_text]Chez Luxor,<\/p>\n<p>vous pouvez vendre votre or sous toutes ses formes : tous bijoux anciens ou cass\u00e9s, des d\u00e9bris d\u2019or, des lingots, des lingotins, des pi\u00e8ces de monnaies en or, de l\u2019or dentaire, des d\u00e9bris industriel, des bijoux ou tout objets en or d\u00e9fectueux ou non, des limailles en or, des copeaux en or.<\/p>\n<p>Apr\u00e8s une expertise gratuite, vos bijoux ou objets sont rachet\u00e9s soit au poids d\u2019or pour la fonte, soit en tant qu\u2019objet, pour leur travail, leur donnant ainsi une valeur sup\u00e9rieure \u00e0 celle de l\u2019or.[\/vc_column_text][\/vc_column_inner][vc_column_inner width=\u00a0\u00bb1\/2&Prime;][vc_column_text]Nos acheteurs expertiseront vos biens et vous soumettront une offre \u00e9tablie sur les cours officiels.<\/p>\n<p>Vous serez pay\u00e9 imm\u00e9diatement cash selon la l\u00e9gislation en vigueur. Nous travaillons avec des balances certifi\u00e9es, vous constaterez vous-m\u00eame le poids sur la balance dans le respect des lois.<\/p>\n<p>Une pi\u00e8ce d\u2019identit\u00e9 en cours de validit\u00e9 est obligatoire lors de votre transaction. L\u2019activit\u00e9 de n\u00e9goce de m\u00e9taux pr\u00e9cieux est interdite aux mineurs.[\/vc_column_text][\/vc_column_inner][\/vc_row_inner]<\/div><\/div><!-- \/.sc_content -->[vc_empty_space height=\u00a0\u00bb4em\u00a0\u00bb alter_height=\u00a0\u00bbnone\u00a0\u00bb hide_on_mobile=\u00a0\u00bb\u00a0\u00bb][vc_empty_space height=\u00a0\u00bb4em\u00a0\u00bb alter_height=\u00a0\u00bbnone\u00a0\u00bb hide_on_mobile=\u00a0\u00bb3&Prime;][\/vc_column][\/vc_row][vc_row][vc_column][vc_empty_space height=\u00a0\u00bb8.88em\u00a0\u00bb alter_height=\u00a0\u00bbnone\u00a0\u00bb hide_on_mobile=\u00a0\u00bb\u00a0\u00bb][\/vc_column][\/vc_row][vc_row full_width=\u00a0\u00bbstretch_row_content_no_spaces\u00a0\u00bb][vc_column offset=\u00a0\u00bbvc_col-lg-4 vc_col-md-4 vc_col-xs-12&Prime;][vc_empty_space height=\u00a0\u00bb4.44em\u00a0\u00bb alter_height=\u00a0\u00bbnone\u00a0\u00bb hide_on_mobile=\u00a0\u00bb1,2&Prime;][vc_column_text el_class=\u00a0\u00bbcustom_style_1&Prime;]<\/p>\n<h1 style=\"text-align: center;\">Gold Metal<\/h1>\n<p>[\/vc_column_text][vc_single_image image=\u00a0\u00bb909&Prime; img_size=\u00a0\u00bbfull\u00a0\u00bb alignment=\u00a0\u00bbcenter\u00a0\u00bb css=\u00a0\u00bb.vc_custom_1477508406763{margin-top: 1.55em !important;margin-bottom: 3px !important;}\u00a0\u00bb][vc_column_text el_class=\u00a0\u00bbcustom_style_2&Prime; css=\u00a0\u00bb.vc_custom_1477508449675{margin-bottom: 0.9em !important;}\u00a0\u00bb]<\/p>\n<p style=\"text-align: center;\">Diamond Promise Ring<\/p>\n<p>[\/vc_column_text]<div class=\"sc_item_button sc_button_wrap sc_align_center\"><a href=\"\/stainless-steel-intricate-byzantine-bracelet\/\"\n\t id=\"sc_button_351996147\" \n\tclass=\"sc_button sc_button_default sc_button_size_small sc_button_icon_left\"\n\t\t><span class=\"sc_button_text\"><span class=\"sc_button_title\">Details<\/span><\/span><!-- \/.sc_button_text --><\/a><!-- \/.sc_button --><\/div><!-- \/.sc_item_button -->[vc_empty_space height=\u00a0\u00bb7em\u00a0\u00bb alter_height=\u00a0\u00bbnone\u00a0\u00bb hide_on_mobile=\u00a0\u00bb\u00a0\u00bb][\/vc_column][vc_column offset=\u00a0\u00bbvc_col-lg-4 vc_col-md-4 vc_col-xs-12&Prime;][ess_grid alias=\u00a0\u00bbgrid-1&Prime;][vc_empty_space height=\u00a0\u00bb7em\u00a0\u00bb alter_height=\u00a0\u00bbnone\u00a0\u00bb hide_on_mobile=\u00a0\u00bb\u00a0\u00bb][\/vc_column][vc_column offset=\u00a0\u00bbvc_col-lg-4 vc_col-md-4 vc_col-xs-12&Prime;][vc_empty_space height=\u00a0\u00bb4.44em\u00a0\u00bb alter_height=\u00a0\u00bbnone\u00a0\u00bb hide_on_mobile=\u00a0\u00bb1,2&Prime;][vc_column_text el_class=\u00a0\u00bbcustom_style_1&Prime;]<\/p>\n<h1 style=\"text-align: center;\">Diamonds<\/h1>\n<p>[\/vc_column_text][vc_single_image image=\u00a0\u00bb910&Prime; img_size=\u00a0\u00bbfull\u00a0\u00bb alignment=\u00a0\u00bbcenter\u00a0\u00bb css=\u00a0\u00bb.vc_custom_1477508594095{margin-top: 1.55em !important;margin-bottom: 3px !important;}\u00a0\u00bb][vc_column_text el_class=\u00a0\u00bbcustom_style_2&Prime; css=\u00a0\u00bb.vc_custom_1477508607755{margin-bottom: 0.9em !important;}\u00a0\u00bb]<\/p>\n<p style=\"text-align: center;\">Princess-Cut Diamond<\/p>\n<p>[\/vc_column_text]<div class=\"sc_item_button sc_button_wrap sc_align_center\"><a href=\"\/band-ring-in-platinum-with-diamonds\/\"\n\t id=\"sc_button_2140542604\" \n\tclass=\"sc_button sc_button_default sc_button_size_small sc_button_icon_left\"\n\t\t><span class=\"sc_button_text\"><span class=\"sc_button_title\">Details<\/span><\/span><!-- \/.sc_button_text --><\/a><!-- \/.sc_button --><\/div><!-- \/.sc_item_button -->[vc_empty_space height=\u00a0\u00bb7em\u00a0\u00bb alter_height=\u00a0\u00bbnone\u00a0\u00bb hide_on_mobile=\u00a0\u00bb\u00a0\u00bb][\/vc_column][\/vc_row][vc_row full_width=\u00a0\u00bbstretch_row_content_no_spaces\u00a0\u00bb scheme=\u00a0\u00bbdark\u00a0\u00bb css=\u00a0\u00bb.vc_custom_1477907339014{background-image: url(http:\/\/custom-made.axiomthemes.com\/wp-content\/uploads\/2016\/10\/image-1.jpg?id=922) !important;}\u00a0\u00bb][vc_column offset=\u00a0\u00bbvc_col-lg-6 vc_col-md-6 vc_col-xs-12&Prime;][vc_empty_space height=\u00a0\u00bb5.5em\u00a0\u00bb alter_height=\u00a0\u00bbnone\u00a0\u00bb hide_on_mobile=\u00a0\u00bb1,2&Prime;][vc_empty_space height=\u00a0\u00bb8em\u00a0\u00bb alter_height=\u00a0\u00bbnone\u00a0\u00bb hide_on_mobile=\u00a0\u00bb\u00a0\u00bb][vc_row_inner][vc_column_inner width=\u00a0\u00bb2\/12&Prime;][\/vc_column_inner][vc_column_inner width=\u00a0\u00bb1\/3&Prime;][vc_empty_space height=\u00a0\u00bb9.77em\u00a0\u00bb alter_height=\u00a0\u00bbnone\u00a0\u00bb hide_on_mobile=\u00a0\u00bb1&Prime;][ess_grid alias=\u00a0\u00bbproduct-1&Prime;][vc_empty_space height=\u00a0\u00bb8em\u00a0\u00bb alter_height=\u00a0\u00bbnone\u00a0\u00bb hide_on_mobile=\u00a0\u00bb2&Prime;][\/vc_column_inner][vc_column_inner width=\u00a0\u00bb1\/12&Prime;][\/vc_column_inner][vc_column_inner width=\u00a0\u00bb1\/3&Prime;][ess_grid alias=\u00a0\u00bbproduct-2&Prime;][vc_empty_space height=\u00a0\u00bb8em\u00a0\u00bb alter_height=\u00a0\u00bbnone\u00a0\u00bb hide_on_mobile=\u00a0\u00bb2&Prime;][\/vc_column_inner][vc_column_inner width=\u00a0\u00bb1\/12&Prime;][\/vc_column_inner][\/vc_row_inner][\/vc_column][vc_column offset=\u00a0\u00bbvc_col-lg-6 vc_col-md-6 vc_col-xs-12&Prime;][vc_empty_space height=\u00a0\u00bb3.55em\u00a0\u00bb alter_height=\u00a0\u00bbnone\u00a0\u00bb hide_on_mobile=\u00a0\u00bb1,2&Prime;][vc_empty_space height=\u00a0\u00bb8em\u00a0\u00bb alter_height=\u00a0\u00bbnone\u00a0\u00bb hide_on_mobile=\u00a0\u00bb1&Prime;]<div id=\"sc_content_1233896438\"\n\t\tclass=\"sc_content sc_content_default sc_float_center sc_align_left sc_content_width_2_3\"><h6 class=\"sc_item_subtitle sc_content_subtitle sc_align_default sc_item_title_style_default\">2<\/h6><h3 class=\"sc_item_title sc_content_title sc_align_default sc_item_title_style_default\">Pi\u00e8ces d'Or<\/h3><div class=\"sc_content_container\">[vc_column_text]<span class=\"trx_addons_dark\">Bringing forward a collection with an aesthetic appeal for a broad<\/span><br \/>\n<span class=\"trx_addons_dark\"> market while ensuring exceptional results is a challenge for any<\/span><br \/>\n<span class=\"trx_addons_dark\"> organization. Luxor provides a systematic approach to<\/span><br \/>\n<span class=\"trx_addons_dark\"> creating timeless designs that are consistently reproduced through the<\/span><br \/>\n<span class=\"trx_addons_dark\"> company&rsquo;s in-house capabilities.<\/span>[\/vc_column_text]<\/div><\/div><!-- \/.sc_content -->[vc_empty_space height=\u00a0\u00bb8em\u00a0\u00bb alter_height=\u00a0\u00bbnone\u00a0\u00bb hide_on_mobile=\u00a0\u00bb\u00a0\u00bb][vc_empty_space height=\u00a0\u00bb8.2em\u00a0\u00bb alter_height=\u00a0\u00bbnone\u00a0\u00bb hide_on_mobile=\u00a0\u00bb1,2&Prime;][\/vc_column][\/vc_row][vc_row full_width=\u00a0\u00bbstretch_row_content_no_spaces\u00a0\u00bb][vc_column offset=\u00a0\u00bbvc_col-lg-6 vc_col-md-12 vc_col-xs-12&Prime;]<div  id=\"sc_promo_1658843875\" \n\tclass=\"sc_promo sc_promo_default custom_style_3 sc_promo_size_large sc_promo_no_image\"><div class=\"sc_promo_text\" style=\"width: 100%;\">\n\t\t\t<div class=\"sc_promo_text_inner\" style=\"\"><h2 class=\"sc_item_title sc_promo_title sc_align_left sc_item_title_style_default\">Product Specifications<\/h2><div class=\"sc_item_descr sc_promo_descr sc_align_left\">Bringing forward a collection with an aesthetic appeal for a broad market while ensuring exceptional results is a challenge for any organization. Riva Precision provides a systematic approach to creating timeless designs that are consistently reproduced through the company's in-house capabilities.<\/div><div class=\"sc_item_button sc_item_button_simple sc_promo_button sc_align_left sc_button_wrap\"><a href=\"http:\/\/custom-made.axiomthemes.com\/shop\/\"\n\t id=\"sc_button_31084651\" \n\tclass=\"sc_button sc_button_simple sc_button_size_normal sc_button_icon_left\"\n\t\t><span class=\"sc_button_text\"><span class=\"sc_button_title\">View Catalogue<\/span><\/span><!-- \/.sc_button_text --><\/a><!-- \/.sc_button --><\/div><!-- \/.sc_item_button sc_item_button_simple sc_promo_button sc_align_left --><\/div>\n\t\t<\/div><!-- \/.sc_promo_text --><\/div><!-- \/.sc_promo -->[ess_grid alias=\u00a0\u00bbcategories-2&Prime;][\/vc_column][vc_column offset=\u00a0\u00bbvc_col-lg-6 vc_col-md-12 vc_col-xs-12&Prime;][ess_grid alias=\u00a0\u00bbcategories-1&Prime;][\/vc_column][\/vc_row][vc_row][vc_column][vc_empty_space height=\u00a0\u00bb2.3em\u00a0\u00bb alter_height=\u00a0\u00bbnone\u00a0\u00bb hide_on_mobile=\u00a0\u00bb\u00a0\u00bb]<div class=\"sc_item_button sc_button_wrap sc_align_center\"><a href=\"\/contacts\/\"\n\t id=\"sc_button_95216926\" \n\tclass=\"sc_button sc_button_dark sc_button_size_small sc_button_icon_left\"\n\t\t><span class=\"sc_button_text\"><span class=\"sc_button_title\">Contact Us<\/span><\/span><!-- \/.sc_button_text --><\/a><!-- \/.sc_button --><\/div><!-- \/.sc_item_button -->[vc_empty_space height=\u00a0\u00bb10em\u00a0\u00bb alter_height=\u00a0\u00bbnone\u00a0\u00bb hide_on_mobile=\u00a0\u00bb\u00a0\u00bb][\/vc_column][\/vc_row][vc_row full_width=\u00a0\u00bbstretch_row_content_no_spaces\u00a0\u00bb css=\u00a0\u00bb.vc_custom_1477920665660{background-image: url(http:\/\/custom-made.axiomthemes.com\/wp-content\/uploads\/2016\/10\/image-2.jpg?id=964) !important;}\u00a0\u00bb][vc_column offset=\u00a0\u00bbvc_col-lg-6 vc_col-md-6 vc_col-xs-12&Prime;][vc_empty_space height=\u00a0\u00bb9.8em\u00a0\u00bb alter_height=\u00a0\u00bbnone\u00a0\u00bb hide_on_mobile=\u00a0\u00bb\u00a0\u00bb][vc_row_inner][vc_column_inner width=\u00a0\u00bb2\/12&Prime;][\/vc_column_inner][vc_column_inner el_class=\u00a0\u00bbz_class\u00a0\u00bb width=\u00a0\u00bb1\/3&Prime;][ess_grid alias=\u00a0\u00bbproduct-3&Prime;][\/vc_column_inner][vc_column_inner width=\u00a0\u00bb1\/12&Prime;][\/vc_column_inner][vc_column_inner width=\u00a0\u00bb1\/3&Prime;][vc_empty_space height=\u00a0\u00bb15.5em\u00a0\u00bb alter_height=\u00a0\u00bbnone\u00a0\u00bb hide_on_mobile=\u00a0\u00bb1&Prime;][vc_empty_space height=\u00a0\u00bb2em\u00a0\u00bb alter_height=\u00a0\u00bbnone\u00a0\u00bb hide_on_mobile=\u00a0\u00bb\u00a0\u00bb][ess_grid alias=\u00a0\u00bbproduct-4&Prime;][\/vc_column_inner][vc_column_inner width=\u00a0\u00bb1\/12&Prime;][\/vc_column_inner][\/vc_row_inner][\/vc_column][vc_column offset=\u00a0\u00bbvc_col-lg-6 vc_col-md-6 vc_col-xs-12&Prime;][vc_empty_space height=\u00a0\u00bb10em\u00a0\u00bb alter_height=\u00a0\u00bbnone\u00a0\u00bb hide_on_mobile=\u00a0\u00bb\u00a0\u00bb]<div id=\"sc_content_367372839\"\n\t\tclass=\"sc_content sc_content_default sc_float_center sc_align_left sc_content_width_2_3\"><h6 class=\"sc_item_subtitle sc_content_subtitle sc_align_default sc_item_title_style_default\">3<\/h6><h3 class=\"sc_item_title sc_content_title sc_align_default sc_item_title_style_default\">Watch Collections For the best men's watches<\/h3><div class=\"sc_content_container\">[vc_column_text]Bringing forward a collection with an aesthetic appeal for a broad market while ensuring exceptional results is a challenge for any organization. Luxor provides a systematic approach to creating timeless designs that are consistently reproduced through the company&rsquo;s in-house capabilities.[\/vc_column_text]<\/div><div class=\"sc_item_button sc_item_button_simple sc_content_button sc_align_default sc_button_wrap\"><a href=\"http:\/\/custom-made.axiomthemes.com\/shop\/\"\n\t id=\"sc_button_1108635402\" \n\tclass=\"sc_button sc_button_simple sc_button_size_normal sc_button_icon_left\"\n\t\t><span class=\"sc_button_text\"><span class=\"sc_button_title\">View Catalogue<\/span><\/span><!-- \/.sc_button_text --><\/a><!-- \/.sc_button --><\/div><!-- \/.sc_item_button sc_item_button_simple sc_content_button sc_align_default --><\/div><!-- \/.sc_content -->[vc_empty_space height=\u00a0\u00bb10em\u00a0\u00bb alter_height=\u00a0\u00bbnone\u00a0\u00bb hide_on_mobile=\u00a0\u00bb\u00a0\u00bb][vc_empty_space height=\u00a0\u00bb3em\u00a0\u00bb alter_height=\u00a0\u00bbnone\u00a0\u00bb hide_on_mobile=\u00a0\u00bb1,2&Prime;][\/vc_column][\/vc_row][vc_row full_width=\u00a0\u00bbstretch_row_content_no_spaces\u00a0\u00bb scheme=\u00a0\u00bbdark\u00a0\u00bb css=\u00a0\u00bb.vc_custom_1477927739490{background-image: url(http:\/\/custom-made.axiomthemes.com\/wp-content\/uploads\/2016\/10\/promo-2.jpg?id=724) !important;}\u00a0\u00bb][vc_column width=\u00a0\u00bb1\/6&Prime;][\/vc_column][vc_column width=\u00a0\u00bb2\/3&Prime; css=\u00a0\u00bb.vc_custom_1478538841295{padding-right: 10px !important;padding-left: 10px !important;}\u00a0\u00bb][vc_empty_space height=\u00a0\u00bb13em\u00a0\u00bb alter_height=\u00a0\u00bbnone\u00a0\u00bb hide_on_mobile=\u00a0\u00bb\u00a0\u00bb]<div  id=\"sc_action_427030864\" \n\tclass=\"sc_action sc_action_default\" data-slides-min-width=\"250\"\t><div class=\"sc_action_content sc_item_content\"><div class=\"sc_action_item sc_action_item_default sc_action_item_ml\">\n\t\t\t<h2 class=\"sc_action_item_title\"><span>How can we help you?<\/span><\/h2><div class=\"sc_action_item_description\"><span>Whether it be to add to your collection, that first<\/span><span>special wristwatch or the restoration of a much loved<\/span><span>heirloom we are here to help.<\/span><\/div><a href=\"http:\/\/custom-made.axiomthemes.com\/contacts\/\" class=\"sc_action_item_link\">get in touch<\/a><\/div><\/div><\/div><!-- \/.sc_action -->[vc_empty_space height=\u00a0\u00bb10.3em\u00a0\u00bb alter_height=\u00a0\u00bbnone\u00a0\u00bb hide_on_mobile=\u00a0\u00bb\u00a0\u00bb][vc_empty_space height=\u00a0\u00bb12.4em\u00a0\u00bb alter_height=\u00a0\u00bbnone\u00a0\u00bb hide_on_mobile=\u00a0\u00bb\u00a0\u00bb][\/vc_column][vc_column width=\u00a0\u00bb1\/6&Prime;][\/vc_column][\/vc_row]<\/p>\n<\/div>","protected":false},"excerpt":{"rendered":"<p>[vc_row][vc_column][rev_slider alias=\u00a0\u00bbhome-1&Prime;][\/vc_column][\/vc_row][vc_row full_width=\u00a0\u00bbstretch_row_content_no_spaces\u00a0\u00bb css=\u00a0\u00bb.vc_custom_1477502402993{background-color: #f7f8fc !important;}\u00a0\u00bb][vc_column offset=\u00a0\u00bbvc_col-lg-6 vc_col-md-12 vc_col-xs-12&Prime;][\/vc_column][vc_column offset=\u00a0\u00bbvc_col-lg-6 vc_col-md-12 vc_col-xs-12&Prime;][vc_empty_space height=\u00a0\u00bb4.65em\u00a0\u00bb alter_height=\u00a0\u00bbnone\u00a0\u00bb hide_on_mobile=\u00a0\u00bb3&Prime;][vc_empty_space height=\u00a0\u00bb4em\u00a0\u00bb alter_height=\u00a0\u00bbnone\u00a0\u00bb hide_on_mobile=\u00a0\u00bb\u00a0\u00bb][vc_empty_space height=\u00a0\u00bb4em\u00a0\u00bb alter_height=\u00a0\u00bbnone\u00a0\u00bb hide_on_mobile=\u00a0\u00bb\u00a0\u00bb][vc_empty_space height=\u00a0\u00bb4em\u00a0\u00bb alter_height=\u00a0\u00bbnone\u00a0\u00bb hide_on_mobile=\u00a0\u00bb3&Prime;][\/vc_column][\/vc_row][vc_row][vc_column][vc_empty_space height=\u00a0\u00bb8.88em\u00a0\u00bb alter_height=\u00a0\u00bbnone\u00a0\u00bb hide_on_mobile=\u00a0\u00bb\u00a0\u00bb][\/vc_column][\/vc_row][vc_row full_width=\u00a0\u00bbstretch_row_content_no_spaces\u00a0\u00bb][vc_column offset=\u00a0\u00bbvc_col-lg-4 vc_col-md-4 vc_col-xs-12&Prime;][vc_empty_space height=\u00a0\u00bb4.44em\u00a0\u00bb alter_height=\u00a0\u00bbnone\u00a0\u00bb hide_on_mobile=\u00a0\u00bb1,2&Prime;][vc_column_text el_class=\u00a0\u00bbcustom_style_1&Prime;] Gold Metal [\/vc_column_text][vc_single_image image=\u00a0\u00bb909&Prime; img_size=\u00a0\u00bbfull\u00a0\u00bb [&hellip;]<\/p>\n","protected":false},"author":1,"featured_media":0,"parent":0,"menu_order":0,"comment_status":"closed","ping_status":"closed","template":"","meta":{"cybocfi_hide_featured_image":"","footnotes":""},"class_list":["post-404","page","type-page","status-publish","hentry"],"_links":{"self":[{"href":"https:\/\/www.luxor.lu\/wp-json\/wp\/v2\/pages\/404","targetHints":{"allow":["GET"]}}],"collection":[{"href":"https:\/\/www.luxor.lu\/wp-json\/wp\/v2\/pages"}],"about":[{"href":"https:\/\/www.luxor.lu\/wp-json\/wp\/v2\/types\/page"}],"author":[{"embeddable":true,"href":"https:\/\/www.luxor.lu\/wp-json\/wp\/v2\/users\/1"}],"replies":[{"embeddable":true,"href":"https:\/\/www.luxor.lu\/wp-json\/wp\/v2\/comments?post=404"}],"version-history":[{"count":14,"href":"https:\/\/www.luxor.lu\/wp-json\/wp\/v2\/pages\/404\/revisions"}],"predecessor-version":[{"id":9247,"href":"https:\/\/www.luxor.lu\/wp-json\/wp\/v2\/pages\/404\/revisions\/9247"}],"wp:attachment":[{"href":"https:\/\/www.luxor.lu\/wp-json\/wp\/v2\/media?parent=404"}],"curies":[{"name":"wp","href":"https:\/\/api.w.org\/{rel}","templated":true}]}}